{"id":729,"date":"2023-03-21T17:58:40","date_gmt":"2023-03-21T17:58:40","guid":{"rendered":"https:\/\/bambo2.com\/?page_id=729"},"modified":"2023-03-31T14:50:58","modified_gmt":"2023-03-31T14:50:58","slug":"nuestra-historia","status":"publish","type":"page","link":"https:\/\/bambo2.com\/?page_id=729","title":{"rendered":"Sobre Nosotros"},"content":{"rendered":"\t\t<div data-elementor-type=\"wp-page\" data-elementor-id=\"729\" class=\"elementor elementor-729\">\n\t\t\t\t\t\t<section class=\"elementor-section elementor-top-section elementor-element elementor-element-548aeab8 elementor-section-content-middle elementor-section-height-min-height elementor-section-boxed elementor-section-height-default elementor-section-items-middle\" data-id=\"548aeab8\" data-element_type=\"section\" data-settings=\"{&quot;background_background&quot;:&quot;classic&quot;}\">\n\t\t\t\t\t\t<div class=\"elementor-container elementor-column-gap-default\">\n\t\t\t\t\t<div class=\"elementor-column elementor-col-100 elementor-top-column elementor-element elementor-element-72aeef43\" data-id=\"72aeef43\" data-element_type=\"column\">\n\t\t\t<div class=\"elementor-widget-wrap elementor-element-populated\">\n\t\t\t\t\t\t<div class=\"elementor-element elementor-element-ae861f0 elementor-widget elementor-widget-image\" data-id=\"ae861f0\" data-element_type=\"widget\" data-widget_type=\"image.default\">\n\t\t\t\t<div class=\"elementor-widget-container\">\n\t\t\t<style>\/*! elementor - v3.23.0 - 05-08-2024 *\/\n.elementor-widget-image{text-align:center}.elementor-widget-image a{display:inline-block}.elementor-widget-image a img[src$=\".svg\"]{width:48px}.elementor-widget-image img{vertical-align:middle;display:inline-block}<\/style>\t\t\t\t\t\t\t\t\t\t<img decoding=\"async\" width=\"150\" height=\"150\" src=\"https:\/\/bambo2.com\/wp-content\/uploads\/2023\/03\/cropped-LOGO-WEB50-150x150.png\" class=\"attachment-thumbnail size-thumbnail wp-image-1414\" alt=\"\" srcset=\"https:\/\/bambo2.com\/wp-content\/uploads\/2023\/03\/cropped-LOGO-WEB50-150x150.png 150w, https:\/\/bambo2.com\/wp-content\/uploads\/2023\/03\/cropped-LOGO-WEB50-300x300.png 300w, https:\/\/bambo2.com\/wp-content\/uploads\/2023\/03\/cropped-LOGO-WEB50-100x100.png 100w, https:\/\/bambo2.com\/wp-content\/uploads\/2023\/03\/cropped-LOGO-WEB50-270x270.png 270w, https:\/\/bambo2.com\/wp-content\/uploads\/2023\/03\/cropped-LOGO-WEB50-192x192.png 192w, https:\/\/bambo2.com\/wp-content\/uploads\/2023\/03\/cropped-LOGO-WEB50-180x180.png 180w, https:\/\/bambo2.com\/wp-content\/uploads\/2023\/03\/cropped-LOGO-WEB50-32x32.png 32w, https:\/\/bambo2.com\/wp-content\/uploads\/2023\/03\/cropped-LOGO-WEB50.png 512w\" sizes=\"(max-width: 150px) 100vw, 150px\" \/>\t\t\t\t\t\t\t\t\t\t\t\t\t<\/div>\n\t\t\t\t<\/div>\n\t\t\t\t<div class=\"elementor-element elementor-element-51b4002f elementor-widget elementor-widget-heading\" data-id=\"51b4002f\" data-element_type=\"widget\" data-widget_type=\"heading.default\">\n\t\t\t\t<div class=\"elementor-widget-container\">\n\t\t\t<style>\/*! elementor - v3.23.0 - 05-08-2024 *\/\n.elementor-heading-title{padding:0;margin:0;line-height:1}.elementor-widget-heading .elementor-heading-title[class*=elementor-size-]>a{color:inherit;font-size:inherit;line-height:inherit}.elementor-widget-heading .elementor-heading-title.elementor-size-small{font-size:15px}.elementor-widget-heading .elementor-heading-title.elementor-size-medium{font-size:19px}.elementor-widget-heading .elementor-heading-title.elementor-size-large{font-size:29px}.elementor-widget-heading .elementor-heading-title.elementor-size-xl{font-size:39px}.elementor-widget-heading .elementor-heading-title.elementor-size-xxl{font-size:59px}<\/style><h4 class=\"elementor-heading-title elementor-size-small\">Sobre Nosotros<\/h4>\t\t<\/div>\n\t\t\t\t<\/div>\n\t\t\t\t<div class=\"elementor-element elementor-element-29473c36 elementor-widget elementor-widget-text-editor\" data-id=\"29473c36\" data-element_type=\"widget\" data-widget_type=\"text-editor.default\">\n\t\t\t\t<div class=\"elementor-widget-container\">\n\t\t\t<style>\/*! elementor - v3.23.0 - 05-08-2024 *\/\n.elementor-widget-text-editor.elementor-drop-cap-view-stacked .elementor-drop-cap{background-color:#69727d;color:#fff}.elementor-widget-text-editor.elementor-drop-cap-view-framed .elementor-drop-cap{color:#69727d;border:3px solid;background-color:transparent}.elementor-widget-text-editor:not(.elementor-drop-cap-view-default) .elementor-drop-cap{margin-top:8px}.elementor-widget-text-editor:not(.elementor-drop-cap-view-default) .elementor-drop-cap-letter{width:1em;height:1em}.elementor-widget-text-editor .elementor-drop-cap{float:left;text-align:center;line-height:1;font-size:50px}.elementor-widget-text-editor .elementor-drop-cap-letter{display:inline-block}<\/style>\t\t\t\t<p>La marca bambo2 naci\u00f3 de la pasi\u00f3n de un padre y su hija por el medio ambiente y la sostenibilidad. Despu\u00e9s de a\u00f1os viviendo en diferentes pa\u00edses, se re\u00fanen en Barcelona, donde nace la idea de desarrollar una marca y fabricar productos que tuvieran un impacto positivo en el planeta.<\/p><p>Ambos sab\u00edan que los productos de pl\u00e1stico de un solo uso son una de las principales causas de la contaminaci\u00f3n de los mares y de la vida marina, y quer\u00edan hacer algo al respecto.\u00a0<\/p>\t\t\t\t\t\t<\/div>\n\t\t\t\t<\/div>\n\t\t\t\t<div class=\"elementor-element elementor-element-45ace5d elementor-widget elementor-widget-text-editor\" data-id=\"45ace5d\" data-element_type=\"widget\" data-widget_type=\"text-editor.default\">\n\t\t\t\t<div class=\"elementor-widget-container\">\n\t\t\t\t\t\t\t<p style=\"text-align: left;\">Fue as\u00ed como surgi\u00f3 la idea de crear productos de bamb\u00fa 100% natural, comenzando con nuestros cubiertos. El bamb\u00fa es una materia prima renovable y sostenible que no da\u00f1a el medio ambiente, ya que es la planta de m\u00e1s r\u00e1pido crecimiento del planeta, que se regenera despu\u00e9s de cada cosecha. Adem\u00e1s, es resistente y duradero, lo que lo convierte en una excelente alternativa a los productos de pl\u00e1stico y de madera de un solo uso.<\/p>\t\t\t\t\t\t<\/div>\n\t\t\t\t<\/div>\n\t\t\t\t\t<\/div>\n\t\t<\/div>\n\t\t\t\t\t<\/div>\n\t\t<\/section>\n\t\t\t\t<section class=\"elementor-section elementor-top-section elementor-element elementor-element-8d23145 elementor-section-boxed elementor-section-height-default elementor-section-height-default\" data-id=\"8d23145\" data-element_type=\"section\" data-settings=\"{&quot;background_background&quot;:&quot;gradient&quot;,&quot;animation&quot;:&quot;none&quot;}\">\n\t\t\t\t\t\t<div class=\"elementor-container elementor-column-gap-extended\">\n\t\t\t\t\t<div class=\"elementor-column elementor-col-33 elementor-top-column elementor-element elementor-element-1e5119b\" data-id=\"1e5119b\" data-element_type=\"column\">\n\t\t\t<div class=\"elementor-widget-wrap elementor-element-populated\">\n\t\t\t\t\t\t<div class=\"elementor-element elementor-element-b218b1f elementor-widget__width-auto elementor-widget elementor-widget-image\" data-id=\"b218b1f\" data-element_type=\"widget\" data-widget_type=\"image.default\">\n\t\t\t\t<div class=\"elementor-widget-container\">\n\t\t\t\t\t\t\t\t\t\t\t\t\t<img fetchpriority=\"high\" decoding=\"async\" width=\"1024\" height=\"694\" src=\"https:\/\/bambo2.com\/wp-content\/uploads\/2023\/03\/Captura-de-pantalla-2023-03-09-a-las-13.07.02-1024x694.png\" class=\"attachment-large size-large wp-image-734\" alt=\"\" srcset=\"https:\/\/bambo2.com\/wp-content\/uploads\/2023\/03\/Captura-de-pantalla-2023-03-09-a-las-13.07.02-1024x694.png 1024w, https:\/\/bambo2.com\/wp-content\/uploads\/2023\/03\/Captura-de-pantalla-2023-03-09-a-las-13.07.02-600x407.png 600w, https:\/\/bambo2.com\/wp-content\/uploads\/2023\/03\/Captura-de-pantalla-2023-03-09-a-las-13.07.02-300x203.png 300w, https:\/\/bambo2.com\/wp-content\/uploads\/2023\/03\/Captura-de-pantalla-2023-03-09-a-las-13.07.02-768x521.png 768w, https:\/\/bambo2.com\/wp-content\/uploads\/2023\/03\/Captura-de-pantalla-2023-03-09-a-las-13.07.02.png 1100w\" sizes=\"(max-width: 1024px) 100vw, 1024px\" \/>\t\t\t\t\t\t\t\t\t\t\t\t\t<\/div>\n\t\t\t\t<\/div>\n\t\t\t\t\t<\/div>\n\t\t<\/div>\n\t\t\t\t<div class=\"elementor-column elementor-col-33 elementor-top-column elementor-element elementor-element-52f340e\" data-id=\"52f340e\" data-element_type=\"column\">\n\t\t\t<div class=\"elementor-widget-wrap elementor-element-populated\">\n\t\t\t\t\t\t<div class=\"elementor-element elementor-element-11c451b elementor-widget__width-auto elementor-widget elementor-widget-image\" data-id=\"11c451b\" data-element_type=\"widget\" data-settings=\"{&quot;_animation&quot;:&quot;none&quot;}\" data-widget_type=\"image.default\">\n\t\t\t\t<div class=\"elementor-widget-container\">\n\t\t\t\t\t\t\t\t\t\t\t\t\t<img decoding=\"async\" src=\"https:\/\/bambo2.com\/wp-content\/uploads\/2023\/03\/Captura-de-pantalla-2023-03-09-a-las-13.06.46-e1679581104703.png\" title=\"Captura de pantalla 2023-03-09 a las 13.06.46\" alt=\"Captura de pantalla 2023-03-09 a las 13.06.46\" loading=\"lazy\" \/>\t\t\t\t\t\t\t\t\t\t\t\t\t<\/div>\n\t\t\t\t<\/div>\n\t\t\t\t\t<\/div>\n\t\t<\/div>\n\t\t\t\t<div class=\"elementor-column elementor-col-33 elementor-top-column elementor-element elementor-element-04d02c1\" data-id=\"04d02c1\" data-element_type=\"column\">\n\t\t\t<div class=\"elementor-widget-wrap elementor-element-populated\">\n\t\t\t\t\t\t<div class=\"elementor-element elementor-element-34323ec elementor-widget__width-auto elementor-widget elementor-widget-image\" data-id=\"34323ec\" data-element_type=\"widget\" data-widget_type=\"image.default\">\n\t\t\t\t<div class=\"elementor-widget-container\">\n\t\t\t\t\t\t\t\t\t\t\t\t\t<img decoding=\"async\" src=\"https:\/\/bambo2.com\/wp-content\/uploads\/2023\/03\/Captura-de-pantalla-2023-03-09-a-las-13.07.48.png\" title=\"Captura de pantalla 2023-03-09 a las 13.07.48\" alt=\"Captura de pantalla 2023-03-09 a las 13.07.48\" loading=\"lazy\" \/>\t\t\t\t\t\t\t\t\t\t\t\t\t<\/div>\n\t\t\t\t<\/div>\n\t\t\t\t\t<\/div>\n\t\t<\/div>\n\t\t\t\t\t<\/div>\n\t\t<\/section>\n\t\t\t\t<section class=\"elementor-section elementor-top-section elementor-element elementor-element-85b0270 elementor-section-boxed elementor-section-height-default elementor-section-height-default\" data-id=\"85b0270\" data-element_type=\"section\" data-settings=\"{&quot;background_background&quot;:&quot;classic&quot;}\">\n\t\t\t\t\t\t\t<div class=\"elementor-background-overlay\"><\/div>\n\t\t\t\t\t\t\t<div class=\"elementor-container elementor-column-gap-default\">\n\t\t\t\t\t<div class=\"elementor-column elementor-col-100 elementor-top-column elementor-element elementor-element-c3d498a\" data-id=\"c3d498a\" data-element_type=\"column\">\n\t\t\t<div class=\"elementor-widget-wrap elementor-element-populated\">\n\t\t\t\t\t\t<div class=\"elementor-element elementor-element-fadf375 elementor-widget elementor-widget-text-editor\" data-id=\"fadf375\" data-element_type=\"widget\" data-widget_type=\"text-editor.default\">\n\t\t\t\t<div class=\"elementor-widget-container\">\n\t\t\t\t\t\t\t<p><span style=\"color: #ffffff;\">Estamos orgullosos de lo que estamos logrando, y esperamos continuar trabajando con bambo2 para crear un mundo m\u00e1s consciente, sostenible y limpio, para las generaciones presentes y futuras.<\/span><br><span style=\"color: #ffffff;\">Gracias por confiar en nosotros y ser parte del cambio.&nbsp;<\/span><\/p>\n<p><span style=\"color: #ffffff;\">Sof\u00eda &amp; Eric&nbsp;&nbsp;<\/span><\/p>\t\t\t\t\t\t<\/div>\n\t\t\t\t<\/div>\n\t\t\t\t\t<\/div>\n\t\t<\/div>\n\t\t\t\t\t<\/div>\n\t\t<\/section>\n\t\t\t\t<\/div>\n\t\t","protected":false},"excerpt":{"rendered":"<p>Sobre Nosotros La marca bambo2 naci\u00f3 de la pasi\u00f3n de un padre y su hija por el medio ambiente y la sostenibilidad. Despu\u00e9s de a\u00f1os viviendo en diferentes pa\u00edses, se re\u00fanen en Barcelona, donde nace la idea de desarrollar una marca y fabricar productos que tuvieran un impacto positivo en el planeta. Ambos sab\u00edan que [&hellip;]<\/p>\n","protected":false},"author":1,"featured_media":0,"parent":0,"menu_order":0,"comment_status":"closed","ping_status":"closed","template":"","meta":{"site-sidebar-layout":"no-sidebar","site-content-layout":"page-builder","ast-site-content-layout":"","site-content-style":"default","site-sidebar-style":"default","ast-global-header-display":"","ast-banner-title-visibility":"","ast-main-header-display":"","ast-hfb-above-header-display":"","ast-hfb-below-header-display":"","ast-hfb-mobile-header-display":"","site-post-title":"disabled","ast-breadcrumbs-content":"","ast-featured-img":"disabled","footer-sml-layout":"","theme-transparent-header-meta":"","adv-header-id-meta":"","stick-header-meta":"","header-above-stick-meta":"","header-main-stick-meta":"","header-below-stick-meta":"","astra-migrate-meta-layouts":"default","ast-page-background-enabled":"default","ast-page-background-meta":{"desktop":{"background-color":"","background-image":"","background-repeat":"repeat","background-position":"center center","background-size":"auto","background-attachment":"scroll","background-type":"","background-media":"","overlay-type":"","overlay-color":"","overlay-opacity":"","overlay-gradient":""},"tablet":{"background-color":"","background-image":"","background-repeat":"repeat","background-position":"center center","background-size":"auto","background-attachment":"scroll","background-type":"","background-media":"","overlay-type":"","overlay-color":"","overlay-opacity":"","overlay-gradient":""},"mobile":{"background-color":"","background-image":"","background-repeat":"repeat","background-position":"center center","background-size":"auto","background-attachment":"scroll","background-type":"","background-media":"","overlay-type":"","overlay-color":"","overlay-opacity":"","overlay-gradient":""}},"ast-content-background-meta":{"desktop":{"background-color":"var(--ast-global-color-5)","background-image":"","background-repeat":"repeat","background-position":"center center","background-size":"auto","background-attachment":"scroll","background-type":"","background-media":"","overlay-type":"","overlay-color":"","overlay-opacity":"","overlay-gradient":""},"tablet":{"background-color":"var(--ast-global-color-5)","background-image":"","background-repeat":"repeat","background-position":"center center","background-size":"auto","background-attachment":"scroll","background-type":"","background-media":"","overlay-type":"","overlay-color":"","overlay-opacity":"","overlay-gradient":""},"mobile":{"background-color":"var(--ast-global-color-5)","background-image":"","background-repeat":"repeat","background-position":"center center","background-size":"auto","background-attachment":"scroll","background-type":"","background-media":"","overlay-type":"","overlay-color":"","overlay-opacity":"","overlay-gradient":""}},"footnotes":""},"class_list":["post-729","page","type-page","status-publish","hentry"],"jetpack_sharing_enabled":true,"_links":{"self":[{"href":"https:\/\/bambo2.com\/index.php?rest_route=\/wp\/v2\/pages\/729","targetHints":{"allow":["GET"]}}],"collection":[{"href":"https:\/\/bambo2.com\/index.php?rest_route=\/wp\/v2\/pages"}],"about":[{"href":"https:\/\/bambo2.com\/index.php?rest_route=\/wp\/v2\/types\/page"}],"author":[{"embeddable":true,"href":"https:\/\/bambo2.com\/index.php?rest_route=\/wp\/v2\/users\/1"}],"replies":[{"embeddable":true,"href":"https:\/\/bambo2.com\/index.php?rest_route=%2Fwp%2Fv2%2Fcomments&post=729"}],"version-history":[{"count":108,"href":"https:\/\/bambo2.com\/index.php?rest_route=\/wp\/v2\/pages\/729\/revisions"}],"predecessor-version":[{"id":1544,"href":"https:\/\/bambo2.com\/index.php?rest_route=\/wp\/v2\/pages\/729\/revisions\/1544"}],"wp:attachment":[{"href":"https:\/\/bambo2.com\/index.php?rest_route=%2Fwp%2Fv2%2Fmedia&parent=729"}],"curies":[{"name":"wp","href":"https:\/\/api.w.org\/{rel}","templated":true}]}}